 What is the units digit of l(3)?
9
Let m(x) = x + 17. What is the tens digit of m(11)?
2
Suppose -m - 5*k + 29 = 7, m = 3*k - 10. Suppose m*r - 48 = -r. What is the tens digit of r?
1
Let q be (-9)/(-12)*-2*-12. Suppose q - 66 = -3*l. What is the tens digit of l?
1
Suppose -4*v - 48 = -176. What is the tens digit of v?
3
Let n be (6/5)/(6/15). Suppose -n*f + 0*f = -12. Suppose -3*u + 23 = -5*s, u - 3 + 1 = -f*s. What is the units digit of u?
6
Let o = -14 - -14. Suppose -32 = -i - o*i. What is the units digit of i?
2
Suppose -3*c = 5*c. Let f(k) = k**3 - 5*k**2 + k - 5. Let x be f(5). Suppose c = -x*t - 2*t + 32. What is the units digit of t?
6
Suppose 0 = -7*g + 2*g. Let a = g - -3. Let j = 10 - a. What is the units digit of j?
7
Let j = 9 - 9. Suppose -3*y + 5*m - 9 = 3, -y - 4*m + 13 = j. What is the units digit of (-60)/(-4) - (-1 - y)?
7
Let p(g) be the first derivative of 13*g**2/2 + 7*g - 2. Let r be p(5). Suppose -4*d = -8*d + r. What is the tens digit of d?
1
What is the units digit of 3/4 + 7446/24?
1
Suppose -u + 2*z + 40 = 0, 3*u + z + 88 = 229. What is the tens digit of u?
4
Let k(p) = 9*p - 41. What is the units digit of k(13)?
6
Let a(f) = -f**2 + 23*f - 7. What is the units digit of a(9)?
9
Let d = -6 - -6. Suppose d = -i - 0*i + 6. What is the units digit of i?
6
Suppose -5*f + 19 = -2*s, -7 = -4*s - 0*s + f. Let v(g) = g**2 - g + 2. Let r be v(s). Let t = r - 1. What is the units digit of t?
7
Let a(c) = -c - 2. Let d be a(-5). Let i(p) be the first derivative of p**4/4 - p**3/3 - p**2/2 - 3*p - 3. What is the tens digit of i(d)?
1
Let u(g) be the third derivative of -g**6/120 + g**5/15 - g**4/24 + g**3/6 + 9*g**2. Let q(w) = -w. Let x be q(-3). What is the units digit of u(x)?
7
Let d be (20 - 1)*(-1 + 3). Let q = d + -3. What is the tens digit of q?
3
Suppose 60 = 2*m + m. What is the tens digit of m?
2
Suppose 0 = 2*c - 3*c + 5*w + 77, 5*c = -w + 463. What is the tens digit of c?
9
Let z(s) = -s**3 - s**2 - s + 3. Let y(k) = 2*k**3 + 4*k**2 + 2*k - 9. Let i(x) = -2*y(x) - 7*z(x). What is the units digit of i(2)?
3
What is the tens digit of ((-14)/8)/((-2)/40)?
3
Let f be (-24)/16*8/(-6). Suppose 51 - 17 = f*u. What is the tens digit of u?
1
Let n be 48 + (-6 - -3) + 5. Let q = -29 + n. What is the tens digit of (-3)/(-6) + q/2?
1
Suppose -5*t + 4*t = -2. Suppose 0*f + 34 = t*f. Suppose 3*p + u = f, 4*p + 2*u - 41 = -3*u. What is the units digit of p?
4
Suppose -3*f - 5*d = -94, 2*d = f - 6 - 7. Suppose 5*q = -3 + f. What is the units digit of q?
4
Let p(k) = k + 90. What is the hundreds digit of p(27)?
1
Let c be 115/30 - 1/(-6). Let i(s) = s. What is the units digit of i(c)?
4
Let p = 31 + 28. Let r = 86 - p. Suppose 4*l - 4*b - 36 = 0, 2*l - 5*b - r = -0*b. What is the units digit of l?
6
Let q = 79 + -41. What is the tens digit of q?
3
Suppose -4*w = -3*l + 42, -2*l - 5*w = -29 + 1. Let x = l + -13. What is the units digit of x?
1
Let x(c) = c - 1. Let k be x(0). What is the units digit of -9 + 7 - (k + -16)?
5
Suppose 0 = -4*n, 4*z - 2*n + 76 = 8*z. What is the units digit of z?
9
Let r(q) = 4*q**2 - 4*q + 10. What is the hundreds digit of r(6)?
1
Let p(b) = -b**2 + 2*b. Let i be p(2). Suppose i = -o - 5, 3*o = 4*s - 0*s - 35. Suppose -s*x + 56 = -x. What is the units digit of x?
4
Let b = -38 - -356. What is the units digit of b?
8
Let o = 3 + 0. Suppose 26 = b - o. Suppose -10 = -2*y - 2*z - 0*z, 3*y = 4*z + b. What is the units digit of y?
7
What is the tens digit of (4 + (4 - 7))*85/1?
8
Let x(p) = 56*p + 4. What is the tens digit of x(1)?
6
Let j = 135 + -50. What is the tens digit of j?
8
Let i be -2*7*(-6)/6. Let t = 37 - i. What is the units digit of t?
3
Suppose -2*s - 8 = o + 3*o, -2*o - 16 = 4*s. Suppose 3*p = -o*p. Suppose p = 3*r - 0 + 3, -5*f - r + 29 = 0. What is the units digit of f?
6
Let t be 36/(-8)*4/(-6). Suppose -t*i + 59 - 14 = 0. What is the tens digit of 0 - i/(-6)*4?
1
Let o(t) = 2*t**2 - 3*t + 4. Let n(r) = -3*r**2 + 4*r - 5. Let c(g) = -4*n(g) - 5*o(g). What is the units digit of c(1)?
1
Let h = -5 + 2. Let c(a) = a**3 + 3*a**2 - 5*a - 3. What is the tens digit of c(h)?
1
Let c(g) = -g**3 - 6*g**2 - 6*g - 8. Let d be c(-6). Suppose 0 = -3*m + 2*m + d. What is the units digit of m?
8
Let c = -9 - -9. Suppose -5*o + o + 24 = c. What is the units digit of o?
6
Let d(h) = 3*h - 1. What is the units digit of d(1)?
2
Suppose 2*x = -4, 4*x - 168 = -4*f + 228. What is the tens digit of f?
0
Let t(c) = -c. Let w be t(-1). Let s be -3*(-10)/6*w. Let o = -1 + s. What is the units digit of o?
4
Suppose 4*n = -0*n. Let y be n*3/(-6) + -1. Let x(l) = -14*l**3 - 2*l**2 - 2*l - 1. What is the tens digit of x(y)?
1
Let h = -2 + 5. Let p be 34*(-2)/(-4) + 0. Suppose -4*f = w - p, -h*w + 4*f - 8 - 5 = 0. What is the units digit of w?
1
What is the hundreds digit of ((-3)/6*-670)/1?
3
Let b(j) = -j**3 + 9*j**2 - 6*j - 4. Let u be b(8). What is the units digit of -3*((-52)/u - -3)?
4
Let a(c) = -8*c + 2. Let b(l) = 9*l - 2. Let t(j) = 5*a(j) + 4*b(j). What is the tens digit of t(-3)?
1
Suppose 10 = 2*l + 3*l. Suppose -l*m + 5*m = 12. What is the units digit of (-3)/(2 + 1) + m?
3
Let j = 7 - 3. Let s = 16 - j. Suppose 0*v = 2*v - s. What is the units digit of v?
6
Let k(j) = 24*j. What is the tens digit of k(1)?
2
Suppose -2*h - 6 = -0*s - 2*s, 8 = -2*h + 3*s. Let p = -5 + h. Let f = p - -17. What is the tens digit of f?
1
What is the hundreds digit of 3*1/(-2) + (-1332)/(-8)?
1
What is the units digit of 3/((-932)/236 + 4)?
9
Suppose l - w = 22, -3*l + 66 = -0*l + 4*w. What is the units digit of (l/5)/(6/60)?
4
Let i(p) = -p**3 - 4*p**2 - 2*p - 6. Let g be i(-4). What is the units digit of ((-56)/40)/(g/(-10))?
7
Let b = 17 - 9. Suppose 3*w + 85 = b*w. What is the tens digit of w?
1
Suppose -52 = -2*n + 5*r, -2*n + 82 = -2*r + 24. Suppose 11 = -4*z + n. What is the units digit of z/4 + 6/8?
2
Suppose 7*v - 612 = 53. What is the tens digit of v?
9
Let y = 1 - -113. What is the hundreds digit of y?
1
Let y = -15 - -22. Suppose -11*u + y*u + 48 = 0. What is the units digit of u?
2
Let c = 3 - 1. Suppose -2*y - c*y - 20 = -z, 7 = -z - 5*y. What is the units digit of z?
8
Suppose s - 3*r - 109 = 0, 5*s = 5*r - 65 + 630. Suppose -2*o + s = 3*o. What is the units digit of o?
3
Let s(v) = -v**3 - 8*v**2 + 7*v + 2. What is the tens digit of s(-9)?
2
Suppose 3*v = 6*v - 6. Suppose v*g + 0*g - 25 = -3*m, 5*g + m = 56. What is the units digit of g?
1
Suppose 5*m - 3 = 4*m. Suppose m*j - 17 + 5 = 0. What is the units digit of ((-4)/5)/(j/(-10))?
2
Let k be (-40)/(-6)*108/10. Suppose -2*v - k = -6*v. What is the units digit of v?
8
Let u be 0*(2 - (-3)/(-2)). Let g = -6 - u. Let f = g - -11. What is the units digit of f?
5
What is the tens digit of (-20)/(-50) - (-596)/10?
6
Suppose 0 = 2*p + 8, -2*f + 5*f = -5*p + 106. What is the units digit of f?
2
Let k = 15 + -51. Let c = -24 - k. What is the units digit of c?
2
Let p = 21 - 12. Suppose o = -2*r + r - 6, 0 = 3*o + 4*r + 19. Let y = o + p. What is the units digit of y?
4
Suppose -3*o = -4*o. Suppose o = 5*d - 17 - 48. What is the units digit of d?
3
Suppose -220 = -3*n - n. What is the tens digit of n?
5
Let r be (-3)/9*-3*1. Let g be ((-6)/(-3) - r)*5. Let l = 8 - g. What is the units digit of l?
3
Suppose -2*q - 6 = q. What is the units digit of ((-4)/q)/6*3?
1
Let j(g) = -g**2 - 10*g - 2. Let y be j(-8). Let p(z) = -z - 9. Let n be p(-11). Suppose 5*m = m + 5*c + y, 0 = -2*m - n*c + 16. What is the units digit of m?
6
Let y(q) = -q**2 + 8*q + 13. What is the units digit of y(9)?
4
Suppose -2*q + 2*p = -2*p - 62, 0 = -5*q - 2*p + 119. What is the units digit of q?
5
Suppose -486 = -2*o + 5*d, 5*o - 1280 = d - 88. What is the hundreds digit of o?
2
What is the units digit of (-20 - (-3 - 1))*-5?
0
Let y(k) be the second derivative of k**5/60 - k**4/3 + k**3/6 + k. Let h(x) be the second derivative of y(x). What is the units digit of h(6)?
4
Let l be 1/(-3) + 10/3. Suppose 15 - 1 = 2*j. Suppose l*t - j = 2. What is the units digit of t?
3
Suppose 0 = 4*a - 4*f, 5*a - 2*f = -f + 8. Suppose 3*i - 18 = 3*s, 2*i - a*s + 28 = 5*i. What is the units digit of i?
8
Let o(n) = -5*n - 2. Suppose -4*f + 4 = -6*f. Let i be o(f). Let g = i + 1. What is the units digit of g?
9
W